se
Does 6 divide 2448?
True
Is 6605 a multiple of 5?
True
Does 16 divide 336?
True
Does 4 divide 2324?
True
Is 5096 a multiple of 8?
True
Does 38 divide 39900?
True
Is 2 a factor of 880?
True
Does 22 divide 8285?
False
Is 8 a factor of 316?
False
Is 11 a factor of 16126?
True
Does 49 divide 1029?
True
Is 10900 a multiple of 31?
False
Does 94 divide 4230?
True
Does 65 divide 13523?
False
Is 7 a factor of 4445?
True
Does 5 divide 196?
False
Is 9 a factor of 10590?
False
Does 19 divide 2014?
True
Does 14 divide 2506?
True
Is 272 a multiple of 17?
True
Does 9 divide 119?
False
Is 649 a multiple of 42?
False
Does 11 divide 885?
False
Does 28 divide 1090?
False
Is 5351 a multiple of 158?
False
Is 18 a factor of 23941?
False
Is 19536 a multiple of 83?
False
Is 631 a multiple of 52?
False
Is 4 a factor of 11?
False
Is 46 a factor of 6402?
False
Does 15 divide 3584?
False
Is 17545 a multiple of 121?
True
Is 2307 even?
False
Is 6 a factor of 546?
True
Does 59 divide 18310?
False
Is 38412 a multiple of 10?
False
Is 150 a multiple of 5?
True
Does 78 divide 1014?
True
Does 47 divide 451?
False
Is 19240 a multiple of 296?
True
Is 4366 a multiple of 26?
False
Is 37887 a multiple of 192?
False
Is 6039 a multiple of 33?
True
Is 1275 a multiple of 17?
True
Is 1190 a multiple of 85?
True
Is 255 a multiple of 3?
True
Is 110 a factor of 36635?
False
Does 17 divide 6113?
False
Is 4 a factor of 918?
False
Does 11 divide 329?
False
Is 1196 a multiple of 92?
True
Is 6110 a multiple of 47?
True
Is 31097 a multiple of 257?
True
Is 126 a multiple of 9?
True
Does 56 divide 1430?
False
Is 3 a multiple of 3?
True
Does 6 divide 14293?
False
Is 19 a factor of 1026?
True
Is 141180 a multiple of 13?
True
Is 375 a multiple of 9?
False
Does 29 divide 203?
True
Is 10 a factor of 2992?
False
Does 22 divide 37422?
True
Is 918 a multiple of 6?
True
Is 5168 a multiple of 19?
True
Does 46 divide 1288?
True
Is 56 a factor of 42354?
False
Does 217 divide 44702?
True
Is 24 a multiple of 5?
False
Does 15 divide 5365?
False
Is 5 a factor of 12713?
False
Does 58 divide 7134?
True
Is 42 a factor of 30870?
True
Is 17 a factor of 66980?
True
Is 39 a factor of 14742?
True
Is 91 a factor of 4459?
True
Does 52 divide 52?
True
Does 56 divide 79072?
True
Does 3 divide 2768?
False
Is 16245 a multiple of 95?
True
Is 39 a factor of 37206?
True
Does 21 divide 199?
False
Is 13183 a multiple of 30?
False
Does 2 divide 193?
False
Is 15308 a multiple of 43?
True
Is 4955 a multiple of 5?
True
Does 22 divide 1342?
True
Is 36 a factor of 3060?
True
Is 63406 a multiple of 14?
True
Does 113 divide 4407?
True
Does 11 divide 955?
False
Does 42 divide 3241?
False
Does 11 divide 462?
True
Is 339 a factor of 60003?
True
Does 42 divide 19893?
False
Does 37 divide 592?
True
Is 81 a factor of 39610?
False
Does 326 divide 22634?
False
Is 25 a factor of 564?
False
Does 10 divide 264?
False
Does 97 divide 16684?
True
Is 1793 a multiple of 2?
False
Is 19 a factor of 2204?
True
Is 11966 a multiple of 386?
True
Is 97 a factor of 24153?
True
Is 2344 a multiple of 12?
False
Is 6 a factor of 1218?
True
Is 2920 a multiple of 50?
False
Does 2 divide 511?
False
Is 16 a factor of 66384?
True
Is 12 a factor of 499?
False
Does 39 divide 9750?
True
Is 97627 a multiple of 232?
False
Is 17 a factor of 357?
True
Is 15 a factor of 225?
True
Is 26 a factor of 442?
True
Does 97 divide 19109?
True
Does 119 divide 11481?
False
Is 4476 a multiple of 166?
False
Does 17 divide 38811?
True
Is 450 a multiple of 46?
False
Does 6 divide 343?
False
Is 8 a factor of 304?
True
Is 1276 a multiple of 23?
False
Does 53 divide 76701?
False
Does 6 divide 162?
True
Is 46 a factor of 276?
True
Is 33 a factor of 1802?
False
Is 10 a factor of 770?
True
Is 8 a factor of 2688?
True
Does 34 divide 1436?
False
Does 60 divide 28130?
False
Is 11 a factor of 159?
False
Does 15 divide 1273?
False
Does 150 divide 37500?
True
Is 24 a factor of 346?
False
Is 36 a factor of 34862?
False
Is 6614 a multiple of 62?
False
Does 14 divide 1720?
False
Is 4900 a multiple of 4?
True
Is 13 a factor of 2500?
False
Is 332 a factor of 4024?
False
Does 27 divide 945?
True
Does 15 divide 22020?
True
Is 34 a factor of 15526?
False
Does 41 divide 48242?
False
Does 56 divide 65107?
False
Is 6 a factor of 1386?
True
Is 6378 a multiple of 31?
False
Does 19 divide 15713?
True
Is 17608 a multiple of 15?
False
Is 48 a factor of 2630?
False
Is 39 a factor of 105768?
True
Does 14 divide 84?
True
Is 1476 a multiple of 18?
True
Is 8595 a multiple of 36?
False
Does 28 divide 2576?
True
Is 2451 a multiple of 19?
True
Is 30 a factor of 3620?
False
Does 28 divide 4928?
True
Is 264 a factor of 6864?
True
Does 16 divide 9724?
False
Is 109 a multiple of 6?
False
Does 9 divide 7682?
False
Does 12 divide 6467?
False
Is 18 a factor of 1545?
False
Is 10064 a multiple of 4?
True
Is 126 a multiple of 3?
True
Is 272 a multiple of 5?
False
Is 23 a factor of 1605?
False
Is 2 a factor of 95?
False
Is 38421 a multiple of 30?
False
Is 66427 a multiple of 33?
False
Does 13 divide 1352?
True
Does 17 divide 24663?
False
Is 16831 a multiple of 12?
False
Does 118 divide 7927?
False
Is 15 a factor of 1908?
False
Does 10 divide 449?
False
Does 10 divide 319?
False
Does 135 divide 51285?
False
Does 253 divide 77716?
False
Is 57 a factor of 4332?
True
Is 250 a factor of 40472?
False
Does 107 divide 642?
True
Does 3 divide 875?
False
Is 11638 a multiple of 15?
False
Is 117 a factor of 7979?
False
Is 49 a factor of 3430?
True
Is 410 a multiple of 2?
True
Is 2255 a multiple of 9?
False
Does 13 divide 25989?
False
Is 81 a factor of 1875?
False
Does 9 divide 14889?
False
Does 39 divide 942?
False
Is 1190 a multiple of 34?
True
Is 8 a factor of 2728?
True
Is 180 a multiple of 15?
True
Does 130 divide 1668?
False
Is 138 a factor of 2898?
True
Does 13 divide 1512?
False
Is 440 a multiple of 33?
False
Is 6963 a multiple of 176?
False
Is 5 a factor of 699?
False
Is 55 a factor of 1870?
True
Is 23786 a multiple of 181?
False
Does 70 divide 25970?
True
Is 36 a factor of 72?
True
Does 79 divide 4500?
False
Does 72 divide 1833?
False
Does 87 divide 10726?
False
Is 14 a factor of 2016?
True
Does 3 divide 4797?
True
Does 6 divide 520?
False
Is 22 a factor of 66?
True
Is 3114 a multiple of 9?
True
Is 8432 a multiple of 34?
True
Is 10764 a multiple of 4?
True
Is 3 a factor of 48?
True
Is 19 a factor of 4408?
True
Is 13352 a multiple of 108?
False
Is 138 a factor of 21772?
False
Is 210 a multiple of 9?
False
Is 129 a multiple of 13?
False
Is 88749 a multiple of 173?
True
Is 1165 a multiple of 13?
False
Is 1139 a multiple of 19?
False
Does 86 divide 856?
False
Does 64 divide 1664?
True
Does 179 divide 34905?
True
Does 6 divide 11712?
True
Does 3 divide 439?
False
Is 49 a factor of 260?
False
Is 4000 a multiple of 20?
True
Is 2398 a multiple of 109?
True
Does 23 divide 1297?
False
Does 302 divide 98754?
True
Is 10 a multiple of 4?
False
Is 11 a factor of 3443?
True
Is 8 a factor of 4616?
True
Does 32 divide 22614?
False
Is 616 even?
True
Is 474 a multiple of 6?
True
Does 113 divide 59558?
False
Is 38 a factor of 609?
False
Is 28 a factor of 4579?
False
Is 691 a multiple of 14?
False
Is 18 a factor of 4140?
True
Is 2 a factor of 193?
False
Is 3107 a multiple of 14?
False
Does 72 divide 1368?
True
Is 25 a factor of 103025?
True
Is 70872 a multiple of 24?
True
Does 19 divide 380?
True
Is 11 a factor of 220?
True
Is 618 a multiple of 3?
True
Is 450 even?
True
Is 338 a multiple of 2?
True
Does 24 divide 310?
False
Is 4 a factor of 464?
True
Is 21 a factor of 4799?
False
Does 25 divide 836?
False
Is 1095 a multiple of 5?
True
Is 434 a multiple of 14?
True
Is 26 a factor of 30550?
True
Does 88 divide 135872?
True
Is 427 a multiple of 37?
False
Does 15 divide 2111?
False
Does 12 divide 18929?
False
Is 19182 a multiple of 138?
True
Is 11548 a multiple of 40?
False
Is 21 a factor of 133434?
True
Is 44522 a multiple of 226?
True
Is 92 a factor of 1472?
True
Is 266 a multiple of 19?
True
Is 116 a factor of 43848?
True
Is 44 a factor of 308?
True
Is 6 a factor of 7426?
False
Is 10283 a multiple of 54?
False
Is 11 a factor of 715?
True
Does 18 divide 2272?
False
Is 9 a factor of 5910?
False
Is 3333 a multiple of 33?
True
Does 14 divide 134862?
True
Is 175 a